6*y + z. Calculate the remainder when y is divided by 38.
36
Suppose -136 = 2*v - 6*v + 3*g, 105 = 3*v - 3*g. What is the remainder when -1*(3 - 0) - v/(-1) is divided by 8?
4
Let m = 5 + -6. Let w(u) = 7*u**2 - 2*u - 1. What is the remainder when w(m) is divided by (4 - 1)/((-732)/(-976))?
0
Let n = 477 + -475. Let k = 89 + n. What is the remainder when k is divided by 8?
3
Suppose x = p - 45, 0 = 47*p - 48*p - 5*x + 21. Calculate the remainder when 525 is divided by p.
33
Suppose 11*w - 13*w = 1558. Let b = -538 - w. Suppose -3*s - 193 + b = 0. Calculate the remainder when 28 is divided by s.
12
Let w(a) = 5*a**3 - 73*a**2 - 27*a - 30. What is the remainder when 5683 is divided by w(15)?
13
Let m(h) = 12*h**2 - 73*h - 5. Let g be m(6). Suppose -395 = -4*k - k. Calculate the remainder when k is divided by (-4)/(-5) - (g - (-95)/25).
7
Suppose -h - 2*h - 12 = 0. Let x = 4 - h. Calculate the remainder when (92/20)/((-20)/75)*4/(-3) is divided by x.
7
Let b(l) = 38*l - 109. Let q be b(3). Let h(k) = 5*k**2 - 10*k - 35. Calculate the remainder when 104 is divided by h(q).
24
Let u = 738 + -732. Let b = 78 + -10. What is the remainder when b is divided by (24 + -21)/((u/(-25))/(-2))?
18
Suppose -24 - 6 = -5*u. Let y(g) be the second derivative of 4*g**3/3 - 11*g**2 - 8*g - 8. What is the remainder when y(u) is divided by 14?
12
Suppose -5*p + 5*n = -35, 5*p - 6*n = -2*n + 32. What is the remainder when p is divided by 1?
0
Suppose 0 = 2*z - z - 31. What is the remainder when (-44)/(-55) + (-7272)/(-60) is divided by z?
29
Let x(b) = -b**2 - 11*b - 10. Let l be x(-9). What is the remainder when 57 is divided by (-21)/(-7)*-2 + l?
1
Let q(t) = -t**3 + 2*t**2 + 4*t - 1. Calculate the remainder when 4 + 2 + (-77)/(616/(-1392)) is divided by q(-3).
20
Suppose -381*b - 269*b - 5180 = -20130. What is the remainder when (-162)/4*(-16)/6 is divided by b?
16
Let t = -3851 - -3860. Calculate the remainder when 141 is divided by t.
6
Suppose -3*d = -2*d - 4*a - 34, -5*a = 0. What is the remainder when (-1 + -98)*(40 + -41) is divided by d?
31
Let d(m) = m**2 - 10*m + 20. Let r(q) = 2*q**3 - 22*q + 29. What is the remainder when d(16) is divided by r(3)?
14
Let u(n) = n**3 + 16*n**2 - 8*n - 65. Let r be u(-17). Let c = r - -243. What is the remainder when 274 is divided by c?
24
What is the remainder when (1268/(-18) + -1)/((-47)/423) is divided by 73?
59
Let v be (-14)/(-18) - 8/(-36). Let p = 13 - v. What is the remainder when 107 is divided by p?
11
Suppose d = -2*q - 15, 9 + 9 = -5*q + 4*d. Let m(a) = 5*a**2 + 15*a + 2. Calculate the remainder when m(q) is divided by 6/(-12)*(-37 - 1).
16
Suppose 3*f = -0*v - 5*v + 1728, 4*f - 1039 = -3*v. Let a = v - 196. Calculate the remainder when a is divided by 9.
5
Suppose 0 = 3*d - 3*v - 66, 2*d + 5*v - 4*v = 47. Let w = 6702 + -6690. What is the remainder when d is divided by w?
11
Suppose 12*t - 5*t = 21. Suppose -t*s = 5*d - 66, -3*d + 28 = -d + 2*s. What is the remainder when d is divided by 7?
5
What is the remainder when -195*(-91)/(-65)*(-80)/35 is divided by 125?
124
Let g(x) = x**3 + 4*x**2 - 3*x + 9. Let z be g(-5). Let q be (0 + 3/6)/(z/(-10)). Suppose 10*a - 440 = q*a. What is the remainder when a is divided by 15?
13
Suppose 3*a - a = -3*v + 1064, -2679 = -5*a + 2*v. Calculate the remainder when a is divided by 135.
130
Let b(s) = 11*s - 2. Suppose 0 = -4*v - 0*v + 8. Suppose -2*a + 314 = 4*h, h + 3*a = 3*h - 153. What is the remainder when h is divided by b(v)?
18
Calculate the remainder when (160270/(-165))/(2 + (-32)/12) is divided by 18.
17
Let s(r) be the second derivative of r**3/6 + 15*r**2/2 + 18*r. Let y be s(-10). Suppose 0 = y*w + 14 - 124. What is the remainder when 86 is divided by w?
20
Suppose 42*k - 8848 = -5110. Calculate the remainder when 183 is divided by k.
5
Let x be (-4)/(-4 + (-72)/(-21)). Suppose x*j = 2*j + 180. Calculate the remainder when j is divided by 19.
17
Suppose 2*q - 54 = -2*x + 326, 5*x + 715 = 4*q. Suppose -126*v = -131*v + q. What is the remainder when v is divided by 10?
7
Suppose -h + 17 = 251. Let d = h + 370. Calculate the remainder when d is divided by (4 + 1 - (12 + (-17 - -9)))*46.
44
Suppose 3*p - 5*c = 273, -2*p = p - 3*c - 273. Let y = -85528 - -85556. Calculate the remainder when p is divided by y.
7
Suppose 6*c = 5*c - 14. Let w = c + 22. Suppose 15*k - w*k - 133 = 0. Calculate the remainder when 34 is divided by k.
15
Let f = -1788 + 1832. What is the remainder when f is divided by 13?
5
Let d be (-1 - -5) + 2 + -1. Suppose -d*n + 25 = 35. Calculate the remainder when 12 is divided by (2/(-4))/(n/12).
0
Suppose -45514*m - 19 = -45512*m - 3363. What is the remainder when 5030 is divided by m?
14
Let r = -21634 + 23321. Calculate the remainder when r is divided by 154.
147
Suppose 315*i - 144435 - 89610 = 0. What is the remainder when i is divided by 250?
243
Suppose 5*a - 24 = 1. Let q(y) = 2*y**3 - 3*y**2 - 9*y + 14. Calculate the remainder when q(a) is divided by 31.
20
Suppose 775*v + 3*w = 776*v - 619, -4*w - 2444 = -4*v. What is the remainder when 618 is divided by v?
11
Calculate the remainder when (-381)/(-3) + 4*1/4 is divided by ((-10)/(-3))/((-135)/(-324)) - (2 - 7).
11
Let v = -72 + 132. Suppose 3*k - 1425 = -2*s, 0 = 5*k + 241*s - 243*s - 2391. Calculate the remainder when k is divided by v.
57
Suppose d - 51 = -8*w + 12*w, 0 = 2*d + 4*w - 54. Suppose 2*a - 4*r = 24, 4*r - 24 = -4*a + 2*a. What is the remainder when d is divided by a?
11
What is the remainder when ((-68)/(-5))/(212/18550) is divided by 79?
5
Let g(p) = 2*p**2 - 3*p + 1. Calculate the remainder when (693/44 - (-10 + 25))*17*8 is divided by g(5).
30
What is the remainder when 240 is divided by ((-4)/(-6))/(((-2838)/(-6039))/43)?
57
Suppose 3*h + 5*i = 1106, -2*i + 368 = h - 0*h. Let u(v) = -v**2 + 6*v + 4. Calculate the remainder when h/21 - 6/(-21) is divided by u(4).
6
Suppose -5*j = -2*p - 1026, 0*p + 606 = 3*j + 2*p. Let w = 268 - j. What is the remainder when 317 is divided by w?
61
Let n(b) = -b**3 - 112*b**2 + 115*b + 240. What is the remainder when 3019 is divided by n(-113)?
9
Suppose 4*x + v = 5, -4*x + 0*v - 4 = 4*v. Suppose 26 = -0*a + 2*a - 5*t, -42 = -x*a - 3*t. What is the remainder when (3 - 23/5)/((-2)/85) is divided by a?
14
Suppose 75*o - 74*o - 46 = 0. Calculate the remainder when o is divided by 7.
4
Let x(p) = -138*p + 3107. Calculate the remainder when 150 is divided by x(22).
8
Let z(t) = -2*t**2 - 72*t + 1026. What is the remainder when z(-46) is divided by 23?
14
Suppose 1040 + 479 = 49*i. What is the remainder when 258 is divided by i?
10
Let z = -531 + 550. Let g = -11 + 19. What is the remainder when z is divided by g?
3
Let f(g) = g**2 + 2*g. Suppose 0 = -3*h + 3*i + 930, h + 10*i - 322 = 7*i. What is the remainder when h is divided by f(-7)?
33
Suppose 579 = 3*x - 3*r, -965 = -2*x - 3*x + r. What is the remainder when x is divided by 64?
1
Suppose 5*o - 1345 = 5*m, -1121 + 1674 = 2*o + 3*m. What is the remainder when o is divided by 99?
74
Suppose 29*o + 21*o = 900. What is the remainder when o is divided by -3 + 2 - (0 + -3)?
0
Suppose -3*g = -k - 1127, 3*k - 4 = -1. Let l = g + -257. Calculate the remainder when l is divided by (-45)/27 - -20*(-20)/(-15).
19
What is the remainder when 62/2*6/2 is divided by 1044/63 - (16/20)/((-21)/(-15))?
13
Let c = -14 + 18. Suppose 5 = -0*l - l - c*j, 4*l = 2*j + 16. Suppose 0 = -3*d - 3*q + l, -d - 5*q = 2*d + 5. Calculate the remainder when 13 is divided by d.
3
Suppose -2*v = -j + 3*j - 20, -3*j = -2*v. Suppose 5*p = 15, v*u = 2*u - 5*p + 27. What is the remainder when 45 is divided by (u + -2)/(-3*(-1)/24)?
5
Suppose -4*h = -2*r - 0*r - 8, -5*h - 3*r - 12 = 0. Calculate the remainder when (h - (-2 - 0)) + 202 is divided by 69.
66
Let g(o) = -o - 30. Let u be g(3). Let y(x) = -x**3 - 33*x**2 - 8*x + 55. What is the remainder when y(u) is divided by 16?
15
Let k be ((-3)/(-12)*4)/(-1). Let t(g) = 3*g + 6. Calculate the remainder when t(2) is divided by -3 + (11 - (k + -1)).
2
Let n = 15336 - 15307. Calculate the remainder when 21660 is divided by n.
26
Let o be (1 - -1)*(-53 - -63). Suppose -26*y = -o*y - 54. What is the remainder when y is divided by 7?
2
Let r = -10984 - -11410. What is the remaind